e -y + 5 = 1. Suppose -5*t - s + 60 = 0, 5*t + y*s + s - 60 = 0. What is the highest common factor of 24 and t?
12
Let o(k) = -k - 3. Let n be o(-7). Let j(f) = -f**2 + 6*f - 2. Let a be j(n). Calculate the highest common factor of 24 and a.
6
Let h be (-2)/(-4) - 19/2. Let b = 22 + h. Let s = -26 - -91. Calculate the highest common divisor of b and s.
13
Let n(c) = c - 2. Let w be n(0). Let m be 22/4*(w + 4). What is the greatest common divisor of 44 and m?
11
Suppose -2*b + 28 = -4*r, 0*b - 5*b + r = -52. Let x be (b/3)/(14/189). What is the highest common factor of x and 9?
9
Let i = 12 - -2. Suppose -2*k - 1 = -3*k. Let d be -1 + 2 - -125*k. What is the highest common factor of d and i?
14
Let g(y) = -y. Let r be g(-6). Calculate the greatest common factor of 15 and r.
3
Let o(p) = -p**2 - 6. Let x be o(0). Let s be 2/(-4)*3*x. Suppose 0 = -6*j - 2*j + 48. Calculate the highest common factor of j and s.
3
Let c(z) = -z. Let d be c(0). Suppose 2*n + 45 - 205 = d. Calculate the greatest common divisor of n and 8.
8
Let u(q) = q**2 + q - 7. Let v be u(-5). Calculate the greatest common divisor of v and 26.
13
Suppose -y + 150 = 4*y. Let x = 8 + 0. Suppose -3*h = -x*h + y. What is the greatest common factor of 48 and h?
6
Let f be 0 + 2*(-6)/(-4). Let q be ((-5*9)/f)/(-1). Suppose -5*z + q + 80 = -5*v, -5*z + v = -91. What is the highest common divisor of z and 12?
6
Let q(n) = n**2 + n. Let i(v) = 14*v - 13. Let r(d) = -i(d) + q(d). Let m be r(12). What is the greatest common factor of 5 and m?
1
Let l(w) = w**2 - 5*w - 4. Let t be l(-5). Let f be 2/(-9) + 1246/18. What is the highest common factor of t and f?
23
Let m(z) = z**3 + 11*z**2 - 11*z + 14. Let l be m(-12). Suppose -l - 1 = -j. Let h be (-4)/14 + 44/7. What is the greatest common factor of j and h?
3
Let c = 70 - 48. What is the greatest common factor of c and 11?
11
Let d(g) = -2*g + 78. Let r be d(28). Calculate the highest common divisor of r and 121.
11
Let v = 5 + 10. What is the highest common factor of 165 and v?
15
Let a be 1/(4/64*2). Calculate the highest common factor of 1 and a.
1
Suppose -3*t + c - 10 = 0, -5 = -4*t - 2*c + 7*c. Let f(j) = -j**3 - 4*j**2 - 2*j. Let m be f(t). Calculate the greatest common factor of 14 and m.
7
Let i = -26 + 15. Let m = i - -24. Calculate the highest common factor of 26 and m.
13
Let a = -293 - -502. What is the highest common divisor of a and 19?
19
Suppose 8 = 2*r + v - 6, -4*r + 16 = 5*v. Let q(s) = -s**3 + 9*s**2 + 8*s - 4. Let y be q(r). What is the highest common divisor of y and 17?
17
Let z be (2 + 0)*(-10)/4. Let x(g) = 2*g. Let u be x(5). Let j = z + u. Calculate the highest common factor of 55 and j.
5
Let a(d) = -d**3 + 9. Let w be a(0). Suppose 0 = -k - 2*m + 66, -153 = -2*k + 3*m - 0*m. Calculate the greatest common factor of k and w.
9
Let i = 31 + -15. Suppose -g + i = 2*j + 4, 0 = 2*j - 6. What is the greatest common factor of g and 30?
6
Let b(o) = -o + 16. Let v be b(11). Let p = 5 - v. Suppose k + 2*k - 90 = p. What is the greatest common divisor of 6 and k?
6
Suppose -3*k = 2*z - 268, 2*k - 112 = k + 5*z. Suppose k + 108 = 5*a. What is the greatest common divisor of 100 and a?
20
Suppose -9 - 3 = -3*p. What is the greatest common factor of p and 18?
2
Let s be (-1 - -2)*308/4. Calculate the greatest common divisor of 11 and s.
11
Suppose -2*m = -4*q + 7*q - 6, -12 = 5*q - 4*m. Suppose -t + q = -16. Let h be 2 + -2 + 3 + 5. Calculate the greatest common divisor of h and t.
8
Let z(q) = -q**2 + 25*q - 6. Let f be z(24). Calculate the highest common factor of 72 and f.
18
Suppose -3*w - 5 = -5*r - 13, -2*w = 2*r. Let y be (w/2)/((-1)/(-12)). Let u be (-198)/55*(-10)/6. Calculate the highest common factor of y and u.
6
Let t = -147 - -191. What is the highest common divisor of t and 66?
22
Let a be (4/6)/((-1)/(-9)). Let k be 6/2 - (-82 - -10). Suppose a*l - k = l. Calculate the highest common divisor of 30 and l.
15
Suppose -p + 4*p = 63. Let v = -5 + 8. Calculate the highest common divisor of v and p.
3
Suppose -d + 1 = -0*i + i, i + 4 = 4*d. Let n(b) = 2*b**2 + 15*b**3 - b**2 + 9*b - 9*b. Let o be n(d). What is the greatest common factor of o and 2?
2
Let o be (-4)/(-3)*(-6)/(-4). Suppose -o*b + 6 = -5*b. Let g be (-3)/(-2)*(-4)/b. What is the highest common divisor of g and 9?
3
Let o(k) = k - 2. Let j be o(22). Calculate the greatest common divisor of j and 10.
10
Suppose -110 = -5*t - 5*s, s + 3*s = 3*t - 45. What is the highest common divisor of 133 and t?
19
Let s be -1 + -3 + 208/4. Suppose 23*f - 27*f + s = 0. Calculate the highest common factor of 8 and f.
4
Let i = -1 + 1. Let u(x) = x**2 + x + 8. Let k be u(i). What is the highest common factor of 2 and k?
2
Let h = 83 - -22. Calculate the greatest common divisor of h and 30.
15
Suppose -17*y - 12 = -19*y. Calculate the highest common divisor of 6 and y.
6
Suppose -4*p + 5*n = 2*n - 104, 5*p = -4*n + 161. Let l = -15 + p. Suppose -4*j = -3*j - l. What is the greatest common divisor of 140 and j?
14
Suppose 3*u - 4*a - 16 = 0, 2*a + 2*a = 20. Calculate the greatest common factor of u and 24.
12
Suppose 82 = 15*g - 143. Calculate the highest common divisor of 5 and g.
5
Let x = 263 - 119. What is the greatest common divisor of 36 and x?
36
Suppose 4*g + g - 155 = -5*d, 2*g - 27 = 5*d. What is the greatest common factor of g and 234?
26
Let s(f) = f + 8. Let q be s(-6). Suppose -4*v - q*x - 3 = -5*v, 3*v - 15 = 3*x. Let i be -3 + 1 + (v - 0). What is the highest common factor of 5 and i?
5
Let s = 12 + -29. Let z = s - -45. What is the greatest common divisor of 14 and z?
14
Let n be (-1*1)/(2/(-64)). Let m(r) = 4*r. Let g be m(1). What is the highest common divisor of g and n?
4
Let c(h) = 7*h**2 - 4*h**3 - 4*h**2 + 2*h**3 + 0*h**3. Let l be c(-3). Let m be ((-4)/6)/((-6)/l). What is the greatest common divisor of 81 and m?
9
Suppose -8 - 1 = -3*b. What is the highest common divisor of b and 3?
3
Suppose -5*l = b - 30, -3*l + 4*l = 5*b + 6. Let z be 0 - (1 + -4 + -35). Suppose -2 + z = 2*h. What is the greatest common factor of l and h?
6
Suppose 4*r - 44 = -4*h, -3*r + 4*h + 15 = h. What is the highest common factor of 8 and r?
8
Suppose 4*w = -0*w + 84. What is the highest common factor of w and 7?
7
Suppose 0 = -0*f + f + 7. Let b(m) = -8*m + 1 - 1. Let n be b(f). Calculate the highest common divisor of 8 and n.
8
Let x be (-8)/(-6)*9/(-3). Let k be 2 - 2 - (2 + x). Let g be k/6 + 65/3. Calculate the highest common factor of 154 and g.
22
Let m be (6/12)/(1/(-110)*-1). Calculate the greatest common divisor of m and 11.
11
Let l be (-972)/22 - (-4)/22. Let j = 124 + l. What is the greatest common factor of 16 and j?
16
Suppose -37 + 5 = -4*b. Suppose 0*c = -4*c + b. Suppose -39 = -k + 2*w, -c*k = w + 2*w - 99. What is the greatest common divisor of 15 and k?
15
Let x = -20 - -24. What is the greatest common divisor of 14 and x?
2
Let s = 66 - 44. Let d(j) = 2*j**2 + 3*j + 1. Let h be d(-2). Suppose -2*o = h*o - 880. Calculate the highest common factor of o and s.
22
Let o = 44 - 20. Suppose -o = -2*v - 6. Calculate the greatest common divisor of v and 1.
1
Let b be (17/(-2))/((-2)/4). What is the highest common factor of b and 34?
17
Let r be -1*(11 - 4)*-3. What is the highest common divisor of r and 147?
21
Let t(s) = -s**2 - 5*s + 14. Let p be t(-7). Suppose 4*i - 5 - 43 = p. Calculate the highest common divisor of i and 84.
12
Let k = -8 - -30. Suppose 2*b - 5*n = -n - 8, 2*n - 8 = -b. Calculate the greatest common divisor of b and k.
2
Let q = 76 - 52. Let k = 576 + -560. Calculate the greatest common factor of k and q.
8
Let k = -21 + 39. Let i be k*((-78)/(-9) + -2). Calculate the highest common factor of 15 and i.
15
Let k be (2 + 12/(-3))/(-2). Suppose 0 = -m + 3*m + 6. Let q be 10*k*(-1 - m). Calculate the greatest common factor of q and 4.
4
Let l = 8 - 0. Calculate the highest common factor of 80 and l.
8
Let f = 52 - -3. Calculate the greatest common divisor of 5 and f.
5
Suppose -3*u + 192 = -2*z, 4*u - 100 = -z + 156. Calculate the highest common factor of u and 4.
4
Suppose -4*h - 1 = -5*g, -2*g = -g - 5. What is the greatest common factor of h and 6?
6
Let q = 15 + -4. What is the highest common factor of 44 and q?
11
Suppose -8 = 2*t 